{"id":725,"date":"2025-04-20T15:40:10","date_gmt":"2025-04-20T13:40:10","guid":{"rendered":"https:\/\/phare-richard.fr\/?page_id=725"},"modified":"2025-04-20T15:40:10","modified_gmt":"2025-04-20T13:40:10","slug":"cartes-postales-anciennes","status":"publish","type":"page","link":"https:\/\/phare-richard.fr\/index.php\/cartes-postales-anciennes\/","title":{"rendered":"Cartes postales anciennes"},"content":{"rendered":"\n<p>Bien avant que la photographie se g\u00e9n\u00e9ralise, les \u00e9diteurs de cartes postales (les 1<sup>ers<\/sup> photographes) arpent\u00e9es nos r\u00e9gions afin d&rsquo;immortaliser les paysages, les sc\u00e8nes de vie, les m\u00e9tiers, les loisirs&#8230;<br>Au <strong>Phare de Richard<\/strong>, quelques \u00e9diteurs sont pass\u00e9s (Henri Guillier, Marcel Delboy entre autres) au d\u00e9but du XX<sup>e<\/sup> si\u00e8cle et leurs prises de vue nous laissent de pr\u00e9cieux t\u00e9moignages :<\/p>\n\n\n<div class=\"wp-block-image\">\n<figure class=\"aligncenter size-large is-resized\"><img loading=\"lazy\" decoding=\"async\" width=\"1024\" height=\"666\" src=\"https:\/\/phare-richard.fr\/wp-content\/uploads\/2025\/04\/CP__-1-1024x666.jpg\" alt=\"\" class=\"wp-image-726\" style=\"width:510px;height:auto\" srcset=\"https:\/\/phare-richard.fr\/wp-content\/uploads\/2025\/04\/CP__-1-1024x666.jpg 1024w, https:\/\/phare-richard.fr\/wp-content\/uploads\/2025\/04\/CP__-1-300x195.jpg 300w, https:\/\/phare-richard.fr\/wp-content\/uploads\/2025\/04\/CP__-1-768x500.jpg 768w, https:\/\/phare-richard.fr\/wp-content\/uploads\/2025\/04\/CP__-1-1536x1000.jpg 1536w, https:\/\/phare-richard.fr\/wp-content\/uploads\/2025\/04\/CP__-1-1200x781.jpg 1200w, https:\/\/phare-richard.fr\/wp-content\/uploads\/2025\/04\/CP__-1.jpg 1684w\" sizes=\"auto, (max-width: 709px) 85vw, (max-width: 909px) 67vw, (max-width: 1362px) 62vw, 840px\" \/><figcaption class=\"wp-element-caption\">Richard, commune de Jau-Dignac et Loyrac &#8211; L&rsquo;ancien et le nouveau phare<\/figcaption><\/figure>\n<\/div>\n\n<div class=\"wp-block-image\">\n<figure class=\"aligncenter size-large is-resized\"><img loading=\"lazy\" decoding=\"async\" width=\"642\" height=\"1024\" src=\"https:\/\/phare-richard.fr\/wp-content\/uploads\/2025\/04\/CP_Artistic_613-1_entree_phare_apres_1930-642x1024.jpg\" alt=\"\" class=\"wp-image-727\" style=\"width:279px;height:auto\" srcset=\"https:\/\/phare-richard.fr\/wp-content\/uploads\/2025\/04\/CP_Artistic_613-1_entree_phare_apres_1930-642x1024.jpg 642w, https:\/\/phare-richard.fr\/wp-content\/uploads\/2025\/04\/CP_Artistic_613-1_entree_phare_apres_1930-188x300.jpg 188w, https:\/\/phare-richard.fr\/wp-content\/uploads\/2025\/04\/CP_Artistic_613-1_entree_phare_apres_1930-768x1226.jpg 768w, https:\/\/phare-richard.fr\/wp-content\/uploads\/2025\/04\/CP_Artistic_613-1_entree_phare_apres_1930-962x1536.jpg 962w, https:\/\/phare-richard.fr\/wp-content\/uploads\/2025\/04\/CP_Artistic_613-1_entree_phare_apres_1930.jpg 1032w\" sizes=\"auto, (max-width: 642px) 85vw, 642px\" \/><figcaption class=\"wp-element-caption\">Jau-Dignac-Loirac (Gironde)<br>Le Phare de Richard.<br>L&rsquo;entr\u00e9e du phare.<\/figcaption><\/figure>\n<\/div>\n\n<div class=\"wp-block-image\">\n<figure class=\"aligncenter size-large is-resized\"><img loading=\"lazy\" decoding=\"async\" width=\"662\" height=\"1024\" src=\"https:\/\/phare-richard.fr\/wp-content\/uploads\/2025\/04\/CP_Henri_Guillier_6788_-662x1024.jpg\" alt=\"\" class=\"wp-image-728\" style=\"width:286px;height:auto\" srcset=\"https:\/\/phare-richard.fr\/wp-content\/uploads\/2025\/04\/CP_Henri_Guillier_6788_-662x1024.jpg 662w, https:\/\/phare-richard.fr\/wp-content\/uploads\/2025\/04\/CP_Henri_Guillier_6788_-194x300.jpg 194w, https:\/\/phare-richard.fr\/wp-content\/uploads\/2025\/04\/CP_Henri_Guillier_6788_-768x1188.jpg 768w, https:\/\/phare-richard.fr\/wp-content\/uploads\/2025\/04\/CP_Henri_Guillier_6788_-993x1536.jpg 993w, https:\/\/phare-richard.fr\/wp-content\/uploads\/2025\/04\/CP_Henri_Guillier_6788_.jpg 1043w\" sizes=\"auto, (max-width: 662px) 85vw, 662px\" \/><figcaption class=\"wp-element-caption\">JAU-DIGNAC-ET-LOIRAC (M\u00e9doc)\nLe Phare de Richard sur les bords de la Gironde.<\/figcaption><\/figure>\n<\/div>\n\n<div class=\"wp-block-image\">\n<figure class=\"aligncenter size-full is-resized\"><img loading=\"lazy\" decoding=\"async\" width=\"412\" height=\"265\" src=\"https:\/\/phare-richard.fr\/wp-content\/uploads\/2025\/04\/CP_Marcel_Delboy_3_recto.jpg\" alt=\"\" class=\"wp-image-729\" style=\"width:492px;height:auto\" srcset=\"https:\/\/phare-richard.fr\/wp-content\/uploads\/2025\/04\/CP_Marcel_Delboy_3_recto.jpg 412w, https:\/\/phare-richard.fr\/wp-content\/uploads\/2025\/04\/CP_Marcel_Delboy_3_recto-300x193.jpg 300w\" sizes=\"auto, (max-width: 412px) 85vw, 412px\" \/><figcaption class=\"wp-element-caption\">LE CENTRE JAU (Gironde). &#8211; Phares de Richard M.D. <\/figcaption><\/figure>\n<\/div>\n\n\n<p class=\"has-text-align-center\"><strong><em>Cartophiles et autres passionn\u00e9s des cartes postales<\/em><br><em>n&rsquo;h\u00e9sitez pas \u00e0 nous aider \u00e0 compl\u00e9ter notre collection !<\/em> <\/strong><\/p>\n\n\n\n<p><\/p>\n","protected":false},"excerpt":{"rendered":"<p>Bien avant que la photographie se g\u00e9n\u00e9ralise, les \u00e9diteurs de cartes postales (les 1ers photographes) arpent\u00e9es nos r\u00e9gions afin d&rsquo;immortaliser les paysages, les sc\u00e8nes de vie, les m\u00e9tiers, les loisirs&#8230;Au Phare de Richard, quelques \u00e9diteurs sont pass\u00e9s (Henri Guillier, Marcel Delboy entre autres) au d\u00e9but du XXe si\u00e8cle et leurs prises de vue nous laissent &hellip; <a href=\"https:\/\/phare-richard.fr\/index.php\/cartes-postales-anciennes\/\" class=\"more-link\">Continuer la lecture<span class=\"screen-reader-text\"> de &laquo;&nbsp;Cartes postales anciennes&nbsp;&raquo;<\/span><\/a><\/p>\n","protected":false},"author":4,"featured_media":0,"parent":0,"menu_order":0,"comment_status":"closed","ping_status":"closed","template":"","meta":{"footnotes":""},"class_list":["post-725","page","type-page","status-publish","hentry"],"_links":{"self":[{"href":"https:\/\/phare-richard.fr\/index.php\/wp-json\/wp\/v2\/pages\/725","targetHints":{"allow":["GET"]}}],"collection":[{"href":"https:\/\/phare-richard.fr\/index.php\/wp-json\/wp\/v2\/pages"}],"about":[{"href":"https:\/\/phare-richard.fr\/index.php\/wp-json\/wp\/v2\/types\/page"}],"author":[{"embeddable":true,"href":"https:\/\/phare-richard.fr\/index.php\/wp-json\/wp\/v2\/users\/4"}],"replies":[{"embeddable":true,"href":"https:\/\/phare-richard.fr\/index.php\/wp-json\/wp\/v2\/comments?post=725"}],"version-history":[{"count":1,"href":"https:\/\/phare-richard.fr\/index.php\/wp-json\/wp\/v2\/pages\/725\/revisions"}],"predecessor-version":[{"id":730,"href":"https:\/\/phare-richard.fr\/index.php\/wp-json\/wp\/v2\/pages\/725\/revisions\/730"}],"wp:attachment":[{"href":"https:\/\/phare-richard.fr\/index.php\/wp-json\/wp\/v2\/media?parent=725"}],"curies":[{"name":"wp","href":"https:\/\/api.w.org\/{rel}","templated":true}]}}

<p>Bien avant que la photographie se généralise, les éditeurs de cartes postales (les 1<sup>ers</sup> photographes) arpentées nos régions afin d&rsquo;immortaliser les paysages, les scènes de vie, les métiers, les loisirs&#8230;<br>Au <strong>Phare de Richard</strong>, quelques éditeurs sont passés (Henri Guillier, Marcel Delboy entre autres) au début du XX<sup>e</sup> siècle et leurs prises de vue nous laissent de précieux témoignages :</p>


<div class="wp-block-image">
<figure class="aligncenter size-large is-resized"><img loading="lazy" decoding="async" width="1024" height="666" src="https://phare-richard.fr/wp-content/uploads/2025/04/CP__-1-1024x666.jpg" alt="" class="wp-image-726" style="width:510px;height:auto" srcset="https://phare-richard.fr/wp-content/uploads/2025/04/CP__-1-1024x666.jpg 1024w, https://phare-richard.fr/wp-content/uploads/2025/04/CP__-1-300x195.jpg 300w, https://phare-richard.fr/wp-content/uploads/2025/04/CP__-1-768x500.jpg 768w, https://phare-richard.fr/wp-content/uploads/2025/04/CP__-1-1536x1000.jpg 1536w, https://phare-richard.fr/wp-content/uploads/2025/04/CP__-1-1200x781.jpg 1200w, https://phare-richard.fr/wp-content/uploads/2025/04/CP__-1.jpg 1684w" sizes="auto, (max-width: 709px) 85vw, (max-width: 909px) 67vw, (max-width: 1362px) 62vw, 840px" /><figcaption class="wp-element-caption">Richard, commune de Jau-Dignac et Loyrac &#8211; L&rsquo;ancien et le nouveau phare</figcaption></figure>
</div>

<div class="wp-block-image">
<figure class="aligncenter size-large is-resized"><img loading="lazy" decoding="async" width="642" height="1024" src="https://phare-richard.fr/wp-content/uploads/2025/04/CP_Artistic_613-1_entree_phare_apres_1930-642x1024.jpg" alt="" class="wp-image-727" style="width:279px;height:auto" srcset="https://phare-richard.fr/wp-content/uploads/2025/04/CP_Artistic_613-1_entree_phare_apres_1930-642x1024.jpg 642w, https://phare-richard.fr/wp-content/uploads/2025/04/CP_Artistic_613-1_entree_phare_apres_1930-188x300.jpg 188w, https://phare-richard.fr/wp-content/uploads/2025/04/CP_Artistic_613-1_entree_phare_apres_1930-768x1226.jpg 768w, https://phare-richard.fr/wp-content/uploads/2025/04/CP_Artistic_613-1_entree_phare_apres_1930-962x1536.jpg 962w, https://phare-richard.fr/wp-content/uploads/2025/04/CP_Artistic_613-1_entree_phare_apres_1930.jpg 1032w" sizes="auto, (max-width: 642px) 85vw, 642px" /><figcaption class="wp-element-caption">Jau-Dignac-Loirac (Gironde)<br>Le Phare de Richard.<br>L&rsquo;entrée du phare.</figcaption></figure>
</div>

<div class="wp-block-image">
<figure class="aligncenter size-large is-resized"><img loading="lazy" decoding="async" width="662" height="1024" src="https://phare-richard.fr/wp-content/uploads/2025/04/CP_Henri_Guillier_6788_-662x1024.jpg" alt="" class="wp-image-728" style="width:286px;height:auto" srcset="https://phare-richard.fr/wp-content/uploads/2025/04/CP_Henri_Guillier_6788_-662x1024.jpg 662w, https://phare-richard.fr/wp-content/uploads/2025/04/CP_Henri_Guillier_6788_-194x300.jpg 194w, https://phare-richard.fr/wp-content/uploads/2025/04/CP_Henri_Guillier_6788_-768x1188.jpg 768w, https://phare-richard.fr/wp-content/uploads/2025/04/CP_Henri_Guillier_6788_-993x1536.jpg 993w, https://phare-richard.fr/wp-content/uploads/2025/04/CP_Henri_Guillier_6788_.jpg 1043w" sizes="auto, (max-width: 662px) 85vw, 662px" /><figcaption class="wp-element-caption">JAU-DIGNAC-ET-LOIRAC (Médoc)
Le Phare de Richard sur les bords de la Gironde.</figcaption></figure>
</div>

<div class="wp-block-image">
<figure class="aligncenter size-full is-resized"><img loading="lazy" decoding="async" width="412" height="265" src="https://phare-richard.fr/wp-content/uploads/2025/04/CP_Marcel_Delboy_3_recto.jpg" alt="" class="wp-image-729" style="width:492px;height:auto" srcset="https://phare-richard.fr/wp-content/uploads/2025/04/CP_Marcel_Delboy_3_recto.jpg 412w, https://phare-richard.fr/wp-content/uploads/2025/04/CP_Marcel_Delboy_3_recto-300x193.jpg 300w" sizes="auto, (max-width: 412px) 85vw, 412px" /><figcaption class="wp-element-caption">LE CENTRE JAU (Gironde). &#8211; Phares de Richard M.D. </figcaption></figure>
</div>


<p class="has-text-align-center"><strong><em>Cartophiles et autres passionnés des cartes postales</em><br><em>n&rsquo;hésitez pas à nous aider à compléter notre collection !</em> </strong></p>



<p></p>

<p>Bien avant que la photographie se généralise, les éditeurs de cartes postales (les 1ers photographes) arpentées nos régions afin d&rsquo;immortaliser les paysages, les scènes de vie, les métiers, les loisirs&#8230;Au Phare de Richard, quelques éditeurs sont passés (Henri Guillier, Marcel Delboy entre autres) au début du XXe siècle et leurs prises de vue nous laissent &hellip; <a href="https://phare-richard.fr/index.php/cartes-postales-anciennes/" class="more-link">Continuer la lecture<span class="screen-reader-text"> de &laquo;&nbsp;Cartes postales anciennes&nbsp;&raquo;</span></a></p>
