{"id":54,"date":"2024-03-27T14:04:38","date_gmt":"2024-03-27T13:04:38","guid":{"rendered":"https:\/\/phare-richard.fr\/?page_id=54"},"modified":"2024-06-15T17:02:32","modified_gmt":"2024-06-15T15:02:32","slug":"le-carrelet-pedagogique","status":"publish","type":"page","link":"https:\/\/phare-richard.fr\/index.php\/le-carrelet-pedagogique\/","title":{"rendered":"Le carrelet p\u00e9dagogique"},"content":{"rendered":"\n<p>     Construit en 2008 par les b\u00e9n\u00e9voles de l&rsquo;association, le carrelet du Phare de Richard a d&rsquo;abord un but p\u00e9dagogique, touristique : faire d\u00e9couvrir cette technique de p\u00eache estuarienne.<\/p>\n\n\n\n<p>     Mais, comme il s&rsquo;agit d&rsquo;un vrai carrelet et qu&rsquo;il est compl\u00e9tement fonctionnel, il est mis \u00e0 la disposition des membres de l&rsquo;association pour des parties de p\u00eache !<\/p>\n\n\n<div class=\"wp-block-image\">\n<figure class=\"aligncenter size-large is-resized\"><img loading=\"lazy\" decoding=\"async\" width=\"768\" height=\"1024\" src=\"https:\/\/phare-richard.fr\/wp-content\/uploads\/2024\/04\/PhdR_carte-postale_le-carrelet-du-Phare-de-Richard-768x1024.jpg\" alt=\"\" class=\"wp-image-405\" style=\"width:288px;height:auto\" srcset=\"https:\/\/phare-richard.fr\/wp-content\/uploads\/2024\/04\/PhdR_carte-postale_le-carrelet-du-Phare-de-Richard-768x1024.jpg 768w, https:\/\/phare-richard.fr\/wp-content\/uploads\/2024\/04\/PhdR_carte-postale_le-carrelet-du-Phare-de-Richard-225x300.jpg 225w, https:\/\/phare-richard.fr\/wp-content\/uploads\/2024\/04\/PhdR_carte-postale_le-carrelet-du-Phare-de-Richard-1152x1536.jpg 1152w, https:\/\/phare-richard.fr\/wp-content\/uploads\/2024\/04\/PhdR_carte-postale_le-carrelet-du-Phare-de-Richard-1536x2048.jpg 1536w, https:\/\/phare-richard.fr\/wp-content\/uploads\/2024\/04\/PhdR_carte-postale_le-carrelet-du-Phare-de-Richard-1200x1600.jpg 1200w, https:\/\/phare-richard.fr\/wp-content\/uploads\/2024\/04\/PhdR_carte-postale_le-carrelet-du-Phare-de-Richard-scaled.jpg 1920w\" sizes=\"auto, (max-width: 768px) 85vw, 768px\" \/><figcaption class=\"wp-element-caption\">Le carrelet du Phare de Richard. <br><sub><sup>(Photo : Barbara Laborde)<\/sup><\/sub><\/figcaption><\/figure>\n<\/div>\n\n\n<h2 class=\"wp-block-heading\">Mise \u00e0 disposition du carrelet p\u00e9dagogique<\/h2>\n\n\n\n<p>La mise \u00e0 disposition du carrelet est possible sous certaines conditions :<\/p>\n\n\n\n<ul class=\"wp-block-list\">\n<li>\u00eatre membre de l&rsquo;association,<\/li>\n\n\n\n<li>verser une indemnit\u00e9 d&rsquo;usage de 20\u20ac,<\/li>\n\n\n\n<li>selon les disponibilit\u00e9s du calendriers des r\u00e9servations,<\/li>\n\n\n\n<li>3 mises \u00e0 disposition par an,<\/li>\n\n\n\n<li>6 personnes maximum sur le carrelet,<\/li>\n\n\n\n<li>mise \u00e0 disposition \u00e0 la journ\u00e9e de septembre \u00e0 juin et de 19h \u00e0 11h le lendemain matin pendant les mois de juillet et d&rsquo;ao\u00fbt.<\/li>\n<\/ul>\n\n\n\n<p><strong>\u00e0 savoir aussi :<\/strong><\/p>\n\n\n\n<ul class=\"wp-block-list\">\n<li>que l&rsquo;on p\u00eache sur le flux (le courant de la mar\u00e9e montante),<\/li>\n\n\n\n<li>qu&rsquo;un coefficient de mar\u00e9e moyen (+\/- 80) est conseill\u00e9 m\u00eame si cela d\u00e9pendant surtout des habitudes du p\u00eacheur (<a href=\"https:\/\/marine.meteoconsult.fr\/meteo-marine\/horaires-des-marees\/richard-1037\/avril-2024\" target=\"_blank\" rel=\"noreferrer noopener\">horaires des mar\u00e9es au Phare de Richard<\/a>),<\/li>\n\n\n\n<li>pas besoin de permis de p\u00eache car le carrelet se situe sur le domaine public maritime.<\/li>\n<\/ul>\n\n\n<div class=\"wp-block-image\">\n<figure class=\"aligncenter size-large is-resized\"><img loading=\"lazy\" decoding=\"async\" width=\"1024\" height=\"965\" src=\"https:\/\/phare-richard.fr\/wp-content\/uploads\/2024\/06\/20220720_124146_1-1024x965.jpg\" alt=\"\" class=\"wp-image-551\" style=\"width:352px;height:auto\" srcset=\"https:\/\/phare-richard.fr\/wp-content\/uploads\/2024\/06\/20220720_124146_1-1024x965.jpg 1024w, https:\/\/phare-richard.fr\/wp-content\/uploads\/2024\/06\/20220720_124146_1-300x283.jpg 300w, https:\/\/phare-richard.fr\/wp-content\/uploads\/2024\/06\/20220720_124146_1-768x724.jpg 768w, https:\/\/phare-richard.fr\/wp-content\/uploads\/2024\/06\/20220720_124146_1-1536x1448.jpg 1536w, https:\/\/phare-richard.fr\/wp-content\/uploads\/2024\/06\/20220720_124146_1-2048x1930.jpg 2048w, https:\/\/phare-richard.fr\/wp-content\/uploads\/2024\/06\/20220720_124146_1-1200x1131.jpg 1200w\" sizes=\"auto, (max-width: 709px) 85vw, (max-width: 909px) 67vw, (max-width: 1362px) 62vw, 840px\" \/><figcaption class=\"wp-element-caption\">Un joli carrelet (<em>Pleuronectes platessa<\/em>)<br> <sub><sup>(Photo : Barbara Laborde)<\/sup><\/sub><\/figcaption><\/figure>\n<\/div>\n\n\n<p><\/p>\n","protected":false},"excerpt":{"rendered":"<p>Construit en 2008 par les b\u00e9n\u00e9voles de l&rsquo;association, le carrelet du Phare de Richard a d&rsquo;abord un but p\u00e9dagogique, touristique : faire d\u00e9couvrir cette technique de p\u00eache estuarienne. Mais, comme il s&rsquo;agit d&rsquo;un vrai carrelet et qu&rsquo;il est compl\u00e9tement fonctionnel, il est mis \u00e0 la disposition des membres de l&rsquo;association pour des parties de p\u00eache &hellip; <a href=\"https:\/\/phare-richard.fr\/index.php\/le-carrelet-pedagogique\/\" class=\"more-link\">Continuer la lecture<span class=\"screen-reader-text\"> de &laquo;&nbsp;Le carrelet p\u00e9dagogique&nbsp;&raquo;<\/span><\/a><\/p>\n","protected":false},"author":4,"featured_media":0,"parent":0,"menu_order":0,"comment_status":"closed","ping_status":"closed","template":"","meta":{"footnotes":""},"class_list":["post-54","page","type-page","status-publish","hentry"],"_links":{"self":[{"href":"https:\/\/phare-richard.fr\/index.php\/wp-json\/wp\/v2\/pages\/54","targetHints":{"allow":["GET"]}}],"collection":[{"href":"https:\/\/phare-richard.fr\/index.php\/wp-json\/wp\/v2\/pages"}],"about":[{"href":"https:\/\/phare-richard.fr\/index.php\/wp-json\/wp\/v2\/types\/page"}],"author":[{"embeddable":true,"href":"https:\/\/phare-richard.fr\/index.php\/wp-json\/wp\/v2\/users\/4"}],"replies":[{"embeddable":true,"href":"https:\/\/phare-richard.fr\/index.php\/wp-json\/wp\/v2\/comments?post=54"}],"version-history":[{"count":12,"href":"https:\/\/phare-richard.fr\/index.php\/wp-json\/wp\/v2\/pages\/54\/revisions"}],"predecessor-version":[{"id":560,"href":"https:\/\/phare-richard.fr\/index.php\/wp-json\/wp\/v2\/pages\/54\/revisions\/560"}],"wp:attachment":[{"href":"https:\/\/phare-richard.fr\/index.php\/wp-json\/wp\/v2\/media?parent=54"}],"curies":[{"name":"wp","href":"https:\/\/api.w.org\/{rel}","templated":true}]}}

Le carrelet pédagogique

<p>     Construit en 2008 par les bénévoles de l&rsquo;association, le carrelet du Phare de Richard a d&rsquo;abord un but pédagogique, touristique : faire découvrir cette technique de pêche estuarienne.</p>



<p>     Mais, comme il s&rsquo;agit d&rsquo;un vrai carrelet et qu&rsquo;il est complétement fonctionnel, il est mis à la disposition des membres de l&rsquo;association pour des parties de pêche !</p>


<div class="wp-block-image">
<figure class="aligncenter size-large is-resized"><img loading="lazy" decoding="async" width="768" height="1024" src="https://phare-richard.fr/wp-content/uploads/2024/04/PhdR_carte-postale_le-carrelet-du-Phare-de-Richard-768x1024.jpg" alt="" class="wp-image-405" style="width:288px;height:auto" srcset="https://phare-richard.fr/wp-content/uploads/2024/04/PhdR_carte-postale_le-carrelet-du-Phare-de-Richard-768x1024.jpg 768w, https://phare-richard.fr/wp-content/uploads/2024/04/PhdR_carte-postale_le-carrelet-du-Phare-de-Richard-225x300.jpg 225w, https://phare-richard.fr/wp-content/uploads/2024/04/PhdR_carte-postale_le-carrelet-du-Phare-de-Richard-1152x1536.jpg 1152w, https://phare-richard.fr/wp-content/uploads/2024/04/PhdR_carte-postale_le-carrelet-du-Phare-de-Richard-1536x2048.jpg 1536w, https://phare-richard.fr/wp-content/uploads/2024/04/PhdR_carte-postale_le-carrelet-du-Phare-de-Richard-1200x1600.jpg 1200w, https://phare-richard.fr/wp-content/uploads/2024/04/PhdR_carte-postale_le-carrelet-du-Phare-de-Richard-scaled.jpg 1920w" sizes="auto, (max-width: 768px) 85vw, 768px" /><figcaption class="wp-element-caption">Le carrelet du Phare de Richard. <br><sub><sup>(Photo : Barbara Laborde)</sup></sub></figcaption></figure>
</div>


<h2 class="wp-block-heading">Mise à disposition du carrelet pédagogique</h2>



<p>La mise à disposition du carrelet est possible sous certaines conditions :</p>



<ul class="wp-block-list">
<li>être membre de l&rsquo;association,</li>



<li>verser une indemnité d&rsquo;usage de 20€,</li>



<li>selon les disponibilités du calendriers des réservations,</li>



<li>3 mises à disposition par an,</li>



<li>6 personnes maximum sur le carrelet,</li>



<li>mise à disposition à la journée de septembre à juin et de 19h à 11h le lendemain matin pendant les mois de juillet et d&rsquo;août.</li>
</ul>



<p><strong>à savoir aussi :</strong></p>



<ul class="wp-block-list">
<li>que l&rsquo;on pêche sur le flux (le courant de la marée montante),</li>



<li>qu&rsquo;un coefficient de marée moyen (+/- 80) est conseillé même si cela dépendant surtout des habitudes du pêcheur (<a href="https://marine.meteoconsult.fr/meteo-marine/horaires-des-marees/richard-1037/avril-2024" target="_blank" rel="noreferrer noopener">horaires des marées au Phare de Richard</a>),</li>



<li>pas besoin de permis de pêche car le carrelet se situe sur le domaine public maritime.</li>
</ul>


<div class="wp-block-image">
<figure class="aligncenter size-large is-resized"><img loading="lazy" decoding="async" width="1024" height="965" src="https://phare-richard.fr/wp-content/uploads/2024/06/20220720_124146_1-1024x965.jpg" alt="" class="wp-image-551" style="width:352px;height:auto" srcset="https://phare-richard.fr/wp-content/uploads/2024/06/20220720_124146_1-1024x965.jpg 1024w, https://phare-richard.fr/wp-content/uploads/2024/06/20220720_124146_1-300x283.jpg 300w, https://phare-richard.fr/wp-content/uploads/2024/06/20220720_124146_1-768x724.jpg 768w, https://phare-richard.fr/wp-content/uploads/2024/06/20220720_124146_1-1536x1448.jpg 1536w, https://phare-richard.fr/wp-content/uploads/2024/06/20220720_124146_1-2048x1930.jpg 2048w, https://phare-richard.fr/wp-content/uploads/2024/06/20220720_124146_1-1200x1131.jpg 1200w" sizes="auto, (max-width: 709px) 85vw, (max-width: 909px) 67vw, (max-width: 1362px) 62vw, 840px" /><figcaption class="wp-element-caption">Un joli carrelet (<em>Pleuronectes platessa</em>)<br> <sub><sup>(Photo : Barbara Laborde)</sup></sub></figcaption></figure>
</div>


<p></p>

<p>Construit en 2008 par les bénévoles de l&rsquo;association, le carrelet du Phare de Richard a d&rsquo;abord un but pédagogique, touristique : faire découvrir cette technique de pêche estuarienne. Mais, comme il s&rsquo;agit d&rsquo;un vrai carrelet et qu&rsquo;il est complétement fonctionnel, il est mis à la disposition des membres de l&rsquo;association pour des parties de pêche &hellip; <a href="https://phare-richard.fr/index.php/le-carrelet-pedagogique/" class="more-link">Continuer la lecture<span class="screen-reader-text"> de &laquo;&nbsp;Le carrelet pédagogique&nbsp;&raquo;</span></a></p>
