{"id":24,"date":"2024-03-26T14:54:56","date_gmt":"2024-03-26T13:54:56","guid":{"rendered":"https:\/\/phare-richard.fr\/?page_id=24"},"modified":"2024-05-18T17:33:04","modified_gmt":"2024-05-18T15:33:04","slug":"le-musee","status":"publish","type":"page","link":"https:\/\/phare-richard.fr\/index.php\/le-musee\/","title":{"rendered":"Le mus\u00e9e"},"content":{"rendered":"\n<h3 class=\"wp-block-heading\">Se rappeler et transmettre<\/h3>\n\n\n\n<p>D\u00e8s la restauration du phare et la cr\u00e9ation de l\u2019association, un projet mus\u00e9al est \u00e9voqu\u00e9.<br>En plus de l\u2019envie de retracer l\u2019histoire particuli\u00e8re du Phare de Richard, une collection d\u2019objets<sup data-fn=\"50524a63-e055-48e9-8b82-f0739917fbbb\" class=\"fn\"><a href=\"#50524a63-e055-48e9-8b82-f0739917fbbb\" id=\"50524a63-e055-48e9-8b82-f0739917fbbb-link\">1<\/a><\/sup> concernant la p\u00eache et l\u2019ostr\u00e9iculture a pu \u00eatre r\u00e9unie au cours des ann\u00e9es afin de t\u00e9moigner de ces activit\u00e9s pass\u00e9es dans le Nord-M\u00e9doc.<br>D\u2019autres th\u00e8mes comme l\u2019estuaire de la Gironde, la signalisation maritime, les mar\u00e9es, l\u2019Op\u00e9ration Frankton, les oiseaux migrateurs en milieu estuarien sont \u00e9galement abord\u00e9s.<\/p>\n\n\n\n<figure class=\"wp-block-image size-large\"><img loading=\"lazy\" decoding=\"async\" width=\"1024\" height=\"1024\" src=\"https:\/\/phare-richard.fr\/wp-content\/uploads\/2024\/05\/Interieur-de-lespace-museal-au-Phare-de-Richard_C-Barbara-LABORDE-1024x1024.jpg\" alt=\"\" class=\"wp-image-453\" srcset=\"https:\/\/phare-richard.fr\/wp-content\/uploads\/2024\/05\/Interieur-de-lespace-museal-au-Phare-de-Richard_C-Barbara-LABORDE-1024x1024.jpg 1024w, https:\/\/phare-richard.fr\/wp-content\/uploads\/2024\/05\/Interieur-de-lespace-museal-au-Phare-de-Richard_C-Barbara-LABORDE-300x300.jpg 300w, https:\/\/phare-richard.fr\/wp-content\/uploads\/2024\/05\/Interieur-de-lespace-museal-au-Phare-de-Richard_C-Barbara-LABORDE-150x150.jpg 150w, https:\/\/phare-richard.fr\/wp-content\/uploads\/2024\/05\/Interieur-de-lespace-museal-au-Phare-de-Richard_C-Barbara-LABORDE-768x768.jpg 768w, https:\/\/phare-richard.fr\/wp-content\/uploads\/2024\/05\/Interieur-de-lespace-museal-au-Phare-de-Richard_C-Barbara-LABORDE-1536x1536.jpg 1536w, https:\/\/phare-richard.fr\/wp-content\/uploads\/2024\/05\/Interieur-de-lespace-museal-au-Phare-de-Richard_C-Barbara-LABORDE-1200x1200.jpg 1200w, https:\/\/phare-richard.fr\/wp-content\/uploads\/2024\/05\/Interieur-de-lespace-museal-au-Phare-de-Richard_C-Barbara-LABORDE.jpg 1564w\" sizes=\"auto, (max-width: 709px) 85vw, (max-width: 909px) 67vw, (max-width: 1362px) 62vw, 840px\" \/><figcaption class=\"wp-element-caption\">Espace mus\u00e9al du Phare de Richard<\/figcaption><\/figure>\n\n\n\n<p><\/p>\n\n\n\n<p>Le phare accueillant r\u00e9guli\u00e8rement des groupes scolaires, le mus\u00e9e expose le travail de certaines classes :<\/p>\n\n\n\n<ul class=\"wp-block-list\">\n<li>Le M\u00e9doc : une terre gagn\u00e9e sur l\u2019eau et La p\u00eache en M\u00e9doc, rencontre avec le dernier p\u00eacheur professionnel de Jau r\u00e9alis\u00e9s par les \u00e9l\u00e8ves de la classe de CE1 en 2008 de l\u2019\u00e9cole communale de Jau-Dignac et Loirac.<\/li>\n<\/ul>\n\n\n\n<ul class=\"wp-block-list\">\n<li>La Gazette du M\u00e9doc : le Phare de Richard, r\u00e9alis\u00e9e par les \u00e9l\u00e8ves de CM2 du R.P.I Queyrac\/Jau-Dignac et Loirac en 2010.<\/li>\n<\/ul>\n\n\n\n<figure class=\"wp-block-table is-style-stripes\"><table><tbody><tr><td class=\"has-text-align-center\" data-align=\"center\"><strong>La boutique du mus\u00e9e<\/strong><br>Une petite boutique de souvenirs compl\u00e8te l&rsquo;espace mus\u00e9al : cartes postales, stylos, portes-clefs, livres, maquettes et plus encore&#8230;<br>Avec des tarifs attractifs afin de convenir \u00e0 toutes les bourses!<\/td><\/tr><\/tbody><\/table><\/figure>\n\n\n<ol class=\"wp-block-footnotes\"><li id=\"50524a63-e055-48e9-8b82-f0739917fbbb\"> <sub>Toutes les pi\u00e8ces expos\u00e9es dans le mus\u00e9e concernant les activit\u00e9s halieutiques et ostr\u00e9icoles sont des dons des habitants de Jau-Dignac et Loirac et des communes environnantes.<\/sub> <a href=\"#50524a63-e055-48e9-8b82-f0739917fbbb-link\" aria-label=\"Aller \u00e0 la note de bas de page 1\">\u21a9\ufe0e<\/a><\/li><\/ol>","protected":false},"excerpt":{"rendered":"<p>Se rappeler et transmettre D\u00e8s la restauration du phare et la cr\u00e9ation de l\u2019association, un projet mus\u00e9al est \u00e9voqu\u00e9.En plus de l\u2019envie de retracer l\u2019histoire particuli\u00e8re du Phare de Richard, une collection d\u2019objets concernant la p\u00eache et l\u2019ostr\u00e9iculture a pu \u00eatre r\u00e9unie au cours des ann\u00e9es afin de t\u00e9moigner de ces activit\u00e9s pass\u00e9es dans le &hellip; <a href=\"https:\/\/phare-richard.fr\/index.php\/le-musee\/\" class=\"more-link\">Continuer la lecture<span class=\"screen-reader-text\"> de &laquo;&nbsp;Le mus\u00e9e&nbsp;&raquo;<\/span><\/a><\/p>\n","protected":false},"author":4,"featured_media":0,"parent":0,"menu_order":0,"comment_status":"closed","ping_status":"closed","template":"","meta":{"footnotes":"[{\"content\":\" <sub>Toutes les pi\u00e8ces expos\u00e9es dans le mus\u00e9e concernant les activit\u00e9s halieutiques et ostr\u00e9icoles sont des dons des habitants de Jau-Dignac et Loirac et des communes environnantes.<\/sub>\",\"id\":\"50524a63-e055-48e9-8b82-f0739917fbbb\"}]"},"class_list":["post-24","page","type-page","status-publish","hentry"],"_links":{"self":[{"href":"https:\/\/phare-richard.fr\/index.php\/wp-json\/wp\/v2\/pages\/24","targetHints":{"allow":["GET"]}}],"collection":[{"href":"https:\/\/phare-richard.fr\/index.php\/wp-json\/wp\/v2\/pages"}],"about":[{"href":"https:\/\/phare-richard.fr\/index.php\/wp-json\/wp\/v2\/types\/page"}],"author":[{"embeddable":true,"href":"https:\/\/phare-richard.fr\/index.php\/wp-json\/wp\/v2\/users\/4"}],"replies":[{"embeddable":true,"href":"https:\/\/phare-richard.fr\/index.php\/wp-json\/wp\/v2\/comments?post=24"}],"version-history":[{"count":9,"href":"https:\/\/phare-richard.fr\/index.php\/wp-json\/wp\/v2\/pages\/24\/revisions"}],"predecessor-version":[{"id":461,"href":"https:\/\/phare-richard.fr\/index.php\/wp-json\/wp\/v2\/pages\/24\/revisions\/461"}],"wp:attachment":[{"href":"https:\/\/phare-richard.fr\/index.php\/wp-json\/wp\/v2\/media?parent=24"}],"curies":[{"name":"wp","href":"https:\/\/api.w.org\/{rel}","templated":true}]}}